e the prime factors of 1658604?
2, 3, 89, 1553
List the prime factors of 647165.
5, 71, 1823
What are the prime factors of 322658?
2, 7, 19, 1213
What are the prime factors of 203906?
2, 43, 2371
What are the prime factors of 9762247?
11, 43, 20639
What are the prime factors of 476259?
3, 7, 22679
List the prime factors of 2150018.
2, 13, 6361
What are the prime factors of 185032?
2, 101, 229
What are the prime factors of 386981?
7, 59, 937
What are the prime factors of 283704?
2, 3, 11821
List the prime factors of 32519860.
2, 5, 1625993
What are the prime factors of 19931433?
3, 6643811
List the prime factors of 19384361.
19384361
What are the prime factors of 681352?
2, 7, 23
What are the prime factors of 2055549?
3, 29, 23627
What are the prime factors of 8757203?
7, 13, 96233
What are the prime factors of 192393?
3, 21377
List the prime factors of 27083190.
2, 3, 5, 23, 39251
List the prime factors of 588899.
127, 4637
What are the prime factors of 1874332?
2, 619, 757
What are the prime factors of 8609768?
2, 67, 16063
List the prime factors of 212001.
3, 70667
What are the prime factors of 1846714?
2, 61, 15137
List the prime factors of 438890.
2, 5, 43889
What are the prime factors of 111745?
5, 22349
List the prime factors of 7506191.
7, 11, 71, 1373
List the prime factors of 483972.
2, 3, 31, 1301
List the prime factors of 317468.
2, 79367
List the prime factors of 103985.
5, 7, 2971
List the prime factors of 4455498.
2, 3, 53, 14011
What are the prime factors of 123188?
2, 13, 23, 103
List the prime factors of 1015418.
2, 113, 4493
What are the prime factors of 129516?
2, 3, 43, 251
What are the prime factors of 9228569?
7, 17, 77551
List the prime factors of 913435.
5, 182687
List the prime factors of 297671.
11, 27061
List the prime factors of 1102804.
2, 23, 11987
List the prime factors of 97211.
41, 2371
List the prime factors of 240094.
2, 120047
List the prime factors of 375287.
11, 109, 313
List the prime factors of 3273154.
2, 1636577
List the prime factors of 63659.
63659
List the prime factors of 284884.
2, 67, 1063
What are the prime factors of 1723010?
2, 5, 43, 4007
List the prime factors of 10652.
2, 2663
What are the prime factors of 2487813?
3, 439, 1889
List the prime factors of 5670655.
5, 797, 1423
List the prime factors of 345721.
227, 1523
What are the prime factors of 18322795?
5, 223, 16433
List the prime factors of 24738767.
24738767
List the prime factors of 11185813.
17, 19, 34631
What are the prime factors of 1601850?
2, 3, 5, 59, 181
List the prime factors of 13446154.
2, 6723077
What are the prime factors of 337534?
2, 71, 2377
What are the prime factors of 449593?
31, 14503
What are the prime factors of 2809147?
11, 43, 5939
What are the prime factors of 1043734?
2, 101, 5167
List the prime factors of 629818.
2, 7, 44987
List the prime factors of 21627566.
2, 139, 77797
What are the prime factors of 10074748?
2, 2518687
List the prime factors of 616806.
2, 3, 34267
List the prime factors of 7866684.
2, 3, 7, 19, 31, 53
List the prime factors of 248223.
3, 97, 853
What are the prime factors of 59847?
3, 19949
List the prime factors of 1448583.
3, 482861
List the prime factors of 891717.
3, 131, 2269
What are the prime factors of 491031?
3, 54559
List the prime factors of 483283.
227, 2129
List the prime factors of 6543256.
2, 817907
List the prime factors of 14408.
2, 1801
What are the prime factors of 86586?
2, 3, 14431
List the prime factors of 611822.
2, 179, 1709
List the prime factors of 3855310.
2, 5, 385531
What are the prime factors of 1432951?
13, 61, 139
List the prime factors of 83514.
2, 3, 31, 449
List the prime factors of 653865.
3, 5, 43591
List the prime factors of 7260057.
3, 7, 107, 359
List the prime factors of 1094973.
3, 11, 33181
List the prime factors of 10273856.
2, 229, 701
What are the prime factors of 70539?
3, 7, 3359
List the prime factors of 7881007.
47, 73, 2297
List the prime factors of 10539.
3, 1171
List the prime factors of 10010883.
3, 191, 17471
What are the prime factors of 894626?
2, 61, 7333
What are the prime factors of 217314?
2, 3, 12073
List the prime factors of 1289845.
5, 61, 4229
What are the prime factors of 14203669?
14203669
What are the prime factors of 4458868?
2, 307, 3631
List the prime factors of 159237.
3, 13, 1361
What are the prime factors of 1708087?
1708087
What are the prime factors of 14102323?
29, 43, 263
List the prime factors of 3530724.
2, 3, 294227
List the prime factors of 6875811.
3, 337, 2267
List the prime factors of 12451660.
2, 5, 13, 83, 577
List the prime factors of 390451.
53, 139
What are the prime factors of 10583575?
5, 379, 1117
What are the prime factors of 10984034?
2, 157, 34981
List the prime factors of 2819812.
2, 47, 53, 283
List the prime factors of 360042.
2, 3, 23, 2609
List the prime factors of 27765.
3, 5, 617
What are the prime factors of 735118?
2, 367559
List the prime factors of 16279121.
29, 191, 2939
What are the prime factors of 290148?
2, 3, 24179
List the prime factors of 689266.
2, 73, 4721
List the prime factors of 5241780.
2, 3, 5, 17, 571
What are the prime factors of 11989100?
2, 5, 119891
List the prime factors of 115170.
2, 3, 5, 11, 349
List the prime factors of 10061620.
2, 5, 17, 101, 293
What are the prime factors of 6731900?
2, 5, 7, 59, 163
List the prime factors of 1143658.
2, 17, 33637
What are the prime factors of 96549?
3, 32183
List the prime factors of 107781.
3, 37, 971
What are the prime factors of 3195988?
2, 23, 34739
What are the prime factors of 11523760?
2, 5, 283, 509
List the prime factors of 24691520.
2, 5, 7, 73, 151
What are the prime factors of 415351?
313, 1327
List the prime factors of 30441093.
3, 10147031
What are the prime factors of 869515?
5, 23, 7561
What are the prime factors of 2155417?
11, 19, 10313
List the prime factors of 1329981.
3, 19, 23333
List the prime factors of 1991260.
2, 5, 99563
List the prime factors of 18000162.
2, 3, 293, 3413
What are the prime factors of 910111?
101, 9011
List the prime factors of 1282076.
2, 197, 1627
List the prime factors of 1708913.
179, 9547
What are the prime factors of 30070845?
3, 5, 7, 10607
List the prime factors of 2677294.
2, 1338647
What are the prime factors of 646223?
131, 4933
List the prime factors of 1032469.
317, 3257
List the prime factors of 856498.
2, 428249
What are the prime factors of 141203?
337, 419
What are the prime factors of 22174303?
307, 72229
List the prime factors of 968765.
5, 7, 89, 311
List the prime factors of 15662935.
5, 19, 79, 2087
What are the prime factors of 248002?
2, 124001
What are the prime factors of 154485?
3, 5, 3433
What are the prime factors of 9761016?
2, 3, 23, 17683
List the prime factors of 6393352.
2, 7, 114167
What are the prime factors of 3615778?
2, 29, 31, 2011
What are the prime factors of 2439789?
3, 11, 17, 4349
What are the prime factors of 10369274?
2, 23, 173, 1303
What are the prime factors of 1840306?
2, 13, 37, 1913
List the prime factors of 3066173.
11, 278743
List the prime factors of 749632.
2, 13, 17, 53
List the prime factors of 229593.
3, 7, 13, 29
What are the prime factors of 292951?
23, 47, 271
List the prime factors of 25510398.
2, 3, 4251733
What are the prime factors of 22796400?
2, 3, 5, 11, 157
List the prime factors of 7130202.
2, 3, 73, 223
What are the prime factors of 625614?
2, 3, 11, 9479
What are the prime factors of 372129?
3, 163, 761
What are the prime factors of 3065035?
5, 613007
List the prime factors of 8833376.
2, 276043
What are the prime factors of 629680?
2, 5, 17, 463
List the prime factors of 11035006.
2, 17, 59, 5501
List the prime factors of 78963.
3, 26321
List the prime factors of 1359879.
3, 453293
List the prime factors of 2786766.
2, 3, 37, 12553
List the prime factors of 1600981.
1600981
List the prime factors of 642546.
2, 3, 73, 163
What are the prime factors of 3367637?
7, 13, 23, 1609
List the prime factors of 3653881.
7, 11, 6779
What are the prime factors of 5590642?
2, 2795321
What are the prime factors of 387442?
2, 11, 1601
List the prime factors of 6857205.
3, 5, 17, 26891
List the prime factors of 1039612.
2, 7, 107, 347
What are the prime factors of 21185178?
2, 3, 7, 61, 8269
What are the prime fac